{"id":8726,"date":"2024-11-04T20:09:13","date_gmt":"2024-11-04T19:09:13","guid":{"rendered":"https:\/\/www.luczniczka.com\/sklep\/?post_type=product&#038;p=8726"},"modified":"2026-01-16T12:21:06","modified_gmt":"2026-01-16T11:21:06","slug":"supreme-milkpraliny-z-czekolady-mlecznej-z-nadzieniem-mlecznym-1kg","status":"publish","type":"product","link":"https:\/\/www.luczniczka.com\/sklep\/produkt\/supreme-milkpraliny-z-czekolady-mlecznej-z-nadzieniem-mlecznym-1kg\/","title":{"rendered":"SUPR\u00caME MILK,praliny z czekolady mlecznej z nadzieniem mlecznym 1kg"},"content":{"rendered":"<table>\n<tbody>\n<tr>\n<td>Sk\u0142adniki: cukier; t\u0142uszcze ro\u015blinne (palmowy, s\u0142onecznikowy, rzepakowy, kokosowy rafinowany) w zmiennych proporcjach; t\u0142uszcz kakaowy; <strong>mleko<\/strong> pe\u0142ne w proszku 6,4%; miazga kakaowa; odt\u0142uszczone <strong>mleko<\/strong> w proszku; laktoza (z <strong>mleka<\/strong>); serwatka w proszku (z <strong>mleka<\/strong>); kakao w proszku<br \/>\no obni\u017conej zawarto\u015bci t\u0142uszczu 2,2%; t\u0142uszcz <strong>mleczny<\/strong>; emulgator: lecytyny (z <strong>soi<\/strong>); naturalny aromat waniliowy.<\/td>\n<\/tr>\n<\/tbody>\n<\/table>\n<p><strong>Produkt mo\u017ce zawiera\u0107 tak\u017ce: orzeszki ziemne, orzechy, pszenic\u0119, j\u0119czmie\u0144 oraz jaja.<\/strong><\/p>\n<p>&nbsp;<\/p>\n<table width=\"215\">\n<tbody>\n<tr>\n<td width=\"140\"><strong>Warto\u015b\u0107 od\u017cywcza\u00a0<\/strong><\/td>\n<td width=\"76\"><strong>\u00a0 \u00a0 w 100 g<\/strong><\/td>\n<\/tr>\n<tr>\n<td width=\"140\">Warto\u015b\u0107 energetyczna (kJ\/ kcal)<\/td>\n<td width=\"76\">\u00a02407\/ 578<\/td>\n<\/tr>\n<tr>\n<td width=\"140\">T\u0142uszcz [g]<\/td>\n<td width=\"76\">\u00a0 \u00a0 \u00a0 \u00a0 \u00a0 \u00a0 \u00a039<\/td>\n<\/tr>\n<tr>\n<td width=\"140\">w tym kwasy t\u0142uszczowe nasycone [g]<\/td>\n<td width=\"76\">\u00a0 \u00a0 \u00a0 \u00a0 \u00a0 \u00a0 \u00a023<\/td>\n<\/tr>\n<tr>\n<td width=\"140\">W\u0119glowodany [g]<\/td>\n<td width=\"76\">\u00a0 \u00a0 \u00a0 \u00a0 \u00a0 \u00a0 \u00a051<\/td>\n<\/tr>\n<tr>\n<td width=\"140\">w tym cukry [g]<\/td>\n<td width=\"76\">\u00a0 \u00a0 \u00a0 \u00a0 \u00a0 \u00a0 \u00a049<\/td>\n<\/tr>\n<tr>\n<td width=\"140\">Bia\u0142ko [g]<\/td>\n<td width=\"76\">\u00a0 \u00a0 \u00a0 \u00a0 \u00a0 \u00a0 4,8<\/td>\n<\/tr>\n<tr>\n<td width=\"140\">S\u00f3l [g]<\/td>\n<td width=\"76\">\u00a0 \u00a0 \u00a0 \u00a0 \u00a0 0,16<\/td>\n<\/tr>\n<\/tbody>\n<\/table>\n<table>\n<tbody>\n<tr>\n<td>&nbsp;<\/td>\n<\/tr>\n<\/tbody>\n<\/table>\n<p>Czekolada mleczna: zawarto\u015b\u0107 masy kakaowej minimum 33%.<\/p>\n<p>&nbsp;<\/p>\n","protected":false},"excerpt":{"rendered":"<p><img loading=\"lazy\" decoding=\"async\" class=\"alignnone  wp-image-14887\" src=\"https:\/\/www.luczniczka.com\/sklep\/wp-content\/uploads\/2025\/10\/ChatGPT-Image-25-paz-2025-22_21_52-300x300.png\" alt=\"\" width=\"70\" height=\"70\" srcset=\"https:\/\/www.luczniczka.com\/sklep\/wp-content\/uploads\/2025\/10\/ChatGPT-Image-25-paz-2025-22_21_52-300x300.png 300w, https:\/\/www.luczniczka.com\/sklep\/wp-content\/uploads\/2025\/10\/ChatGPT-Image-25-paz-2025-22_21_52-150x150.png 150w, https:\/\/www.luczniczka.com\/sklep\/wp-content\/uploads\/2025\/10\/ChatGPT-Image-25-paz-2025-22_21_52-768x768.png 768w, https:\/\/www.luczniczka.com\/sklep\/wp-content\/uploads\/2025\/10\/ChatGPT-Image-25-paz-2025-22_21_52-600x600.png 600w, https:\/\/www.luczniczka.com\/sklep\/wp-content\/uploads\/2025\/10\/ChatGPT-Image-25-paz-2025-22_21_52-200x200.png 200w, https:\/\/www.luczniczka.com\/sklep\/wp-content\/uploads\/2025\/10\/ChatGPT-Image-25-paz-2025-22_21_52.png 1024w\" sizes=\"auto, (max-width: 70px) 100vw, 70px\" \/><\/p>\n<p>Wyborne praliny z czekolady mlecznej z aksamitnym mlecznym nadzieniem. Polecane dla dzieci i doros\u0142ych.<\/p>\n","protected":false},"featured_media":12021,"template":"","meta":{"inline_featured_image":false},"product_brand":[],"product_cat":[43],"product_tag":[],"class_list":{"0":"post-8726","1":"product","2":"type-product","3":"status-publish","4":"has-post-thumbnail","6":"product_cat-pralinki-bez-alkoholu","7":"description-off","9":"first","10":"outofstock","11":"taxable","12":"shipping-taxable","13":"purchasable","14":"product-type-simple"},"aioseo_notices":[],"_links":{"self":[{"href":"https:\/\/www.luczniczka.com\/sklep\/wp-json\/wp\/v2\/product\/8726","targetHints":{"allow":["GET"]}}],"collection":[{"href":"https:\/\/www.luczniczka.com\/sklep\/wp-json\/wp\/v2\/product"}],"about":[{"href":"https:\/\/www.luczniczka.com\/sklep\/wp-json\/wp\/v2\/types\/product"}],"wp:featuredmedia":[{"embeddable":true,"href":"https:\/\/www.luczniczka.com\/sklep\/wp-json\/wp\/v2\/media\/12021"}],"wp:attachment":[{"href":"https:\/\/www.luczniczka.com\/sklep\/wp-json\/wp\/v2\/media?parent=8726"}],"wp:term":[{"taxonomy":"product_brand","embeddable":true,"href":"https:\/\/www.luczniczka.com\/sklep\/wp-json\/wp\/v2\/product_brand?post=8726"},{"taxonomy":"product_cat","embeddable":true,"href":"https:\/\/www.luczniczka.com\/sklep\/wp-json\/wp\/v2\/product_cat?post=8726"},{"taxonomy":"product_tag","embeddable":true,"href":"https:\/\/www.luczniczka.com\/sklep\/wp-json\/wp\/v2\/product_tag?post=8726"}],"curies":[{"name":"wp","href":"https:\/\/api.w.org\/{rel}","templated":true}]}}