{"id":652,"date":"2020-11-06T12:50:27","date_gmt":"2020-11-06T11:50:27","guid":{"rendered":"https:\/\/www.luczniczka.com\/sklep\/?post_type=product&#038;p=652"},"modified":"2026-04-17T10:20:09","modified_gmt":"2026-04-17T08:20:09","slug":"easter-eggs-jajka-z-nadzieniem-alkoholowym-advocat-225-kg","status":"publish","type":"product","link":"https:\/\/www.luczniczka.com\/sklep\/produkt\/easter-eggs-jajka-z-nadzieniem-alkoholowym-advocat-225-kg\/","title":{"rendered":"Easter eggs jajka z nadzieniem alkoholowym &#8211; Advocat 2,25 kg"},"content":{"rendered":"<p><strong>Sk\u0142adniki:<\/strong> czekolada couverture 50% (miazga kakaowa; cukier; t\u0142uszcz kakaowy; stabilizator: E 492; emulgatory: lecytyny (z soi), E 476); nadzienie 50% (t\u0142uszcz ro\u015blinny (palmowy, s\u0142onecznikowy, rzepakowy) w zr\u00f3\u017cnicowanych proporcjach; odt\u0142uszczone mleko w proszku; laktoza (z mleka); likier jajeczny 40% (masa \u017c\u00f3\u0142tkowa 22%; alkohol 20%; woda); alkohol etylowy 5,1%; substancja utrzymuj\u0105ca wilgo\u0107: syrop sorbitolowy; syrop glukozowy; aromat).<\/p>\n<p>Czekolada couverture: zawarto\u015b\u0107 masy kakaowej minimum 60%<\/p>\n<p><strong>Produkt mo\u017ce tak\u017ce zawiera\u0107:<\/strong> orzechy, orzeszki ziemne oraz jaja<\/p>\n","protected":false},"excerpt":{"rendered":"<p>Nasze bestsellerowe praliny alkoholowe o smaku Advocat w zupe\u0142nie nowej ods\u0142onie, czyli w kszta\u0142cie wielkanocnych jajeczek.<\/p>\n<p>Jajka wykonane s\u0105 z czekolady deserowej couverture 60% masy kakaowej, kt\u00f3re w swoim wn\u0119trzu skrywaj\u0105 nadzienie na bazie Advocatu.<\/p>\n<p>Advocat to likier jajeczny o bardzo wyra\u017anym aromacie do produkcji kt\u00f3rego u\u017cywa si\u0119 przede wszystkim mas\u0119 \u017c\u00f3\u0142tkow\u0105 oraz alkohol. Advocat charakteryzuje si\u0119 jasno\u017c\u00f3\u0142t\u0105 barw\u0105 i s\u0142odkim smakiem, co w po\u0142\u0105czeniu z czekolad\u0105 deserow\u0105 daje niepowtarzalny smak.<\/p>\n<p>Wi\u0119ksze opakowanie zawiera 2,25 kg jajeczek.<\/p>\n","protected":false},"featured_media":546,"template":"","meta":{"inline_featured_image":false},"product_brand":[],"product_cat":[23],"product_tag":[],"class_list":{"0":"post-652","1":"product","2":"type-product","3":"status-publish","4":"has-post-thumbnail","6":"product_cat-wyroby-wielkanocne","7":"description-off","9":"first","10":"outofstock","11":"taxable","12":"shipping-taxable","13":"purchasable","14":"product-type-simple"},"aioseo_notices":[],"_links":{"self":[{"href":"https:\/\/www.luczniczka.com\/sklep\/wp-json\/wp\/v2\/product\/652","targetHints":{"allow":["GET"]}}],"collection":[{"href":"https:\/\/www.luczniczka.com\/sklep\/wp-json\/wp\/v2\/product"}],"about":[{"href":"https:\/\/www.luczniczka.com\/sklep\/wp-json\/wp\/v2\/types\/product"}],"wp:featuredmedia":[{"embeddable":true,"href":"https:\/\/www.luczniczka.com\/sklep\/wp-json\/wp\/v2\/media\/546"}],"wp:attachment":[{"href":"https:\/\/www.luczniczka.com\/sklep\/wp-json\/wp\/v2\/media?parent=652"}],"wp:term":[{"taxonomy":"product_brand","embeddable":true,"href":"https:\/\/www.luczniczka.com\/sklep\/wp-json\/wp\/v2\/product_brand?post=652"},{"taxonomy":"product_cat","embeddable":true,"href":"https:\/\/www.luczniczka.com\/sklep\/wp-json\/wp\/v2\/product_cat?post=652"},{"taxonomy":"product_tag","embeddable":true,"href":"https:\/\/www.luczniczka.com\/sklep\/wp-json\/wp\/v2\/product_tag?post=652"}],"curies":[{"name":"wp","href":"https:\/\/api.w.org\/{rel}","templated":true}]}}