{"id":2816,"date":"2022-01-10T16:24:26","date_gmt":"2022-01-10T15:24:26","guid":{"rendered":"https:\/\/www.luczniczka.com\/sklep\/?post_type=product&#038;p=2816"},"modified":"2026-02-25T11:06:02","modified_gmt":"2026-02-25T10:06:02","slug":"jajka-z-czekolady-mlecznej-z-lentilkami-w-masie-80-g","status":"publish","type":"product","link":"https:\/\/www.luczniczka.com\/sklep\/produkt\/jajka-z-czekolady-mlecznej-z-lentilkami-w-masie-80-g\/","title":{"rendered":"Jajka z czekolady mlecznej z lentilkami w masie 80g"},"content":{"rendered":"<p><strong>SK\u0141ADNIKI<\/strong><\/p>\n<p>cukier; t\u0142uszcz kakaowy; miazga kakaowa;<strong> mleko<\/strong> pe\u0142ne w proszku; serwatka w proszku (z <strong>mleka<\/strong>); skrobia; t\u0142uszcz <strong>mleczny<\/strong>; emulgator: lecytyny (z <strong>soi<\/strong>); lecytyny;\u00a0 substancje glazuruj\u0105ce: guma arabska, wosk carnauba, wosk pszczeli; koncentrat z sok\u00f3w: winogron, rzodkiewki, czarnej porzeczki, cytryny, buraka czerwonego; ekstrakty: z carthamusa, ze s\u0142odu <strong>j\u0119czmiennego<\/strong>; koncentrat z alg; naturalny aromat waniliowy.<\/p>\n<p><strong>WARTO\u015aC OD\u017bYWCZA w 100 g<\/p>\n<p><\/strong><\/p>\n<table width=\"359\">\n<tbody>\n<tr>\n<td width=\"179\">Warto\u015b\u0107 od\u017cywcza<\/td>\n<td width=\"180\">w 100 g produktu<\/td>\n<\/tr>\n<tr>\n<td width=\"179\">Warto\u015b\u0107 energetyczna (kJ\/ kcal)<\/td>\n<td width=\"180\">2113\/ 505<\/td>\n<\/tr>\n<tr>\n<td width=\"179\">T\u0142uszcz [g]<\/td>\n<td width=\"180\">26<\/td>\n<\/tr>\n<tr>\n<td width=\"179\">\u00a0\u00a0\u00a0\u00a0\u00a0\u00a0\u00a0\u00a0\u00a0 W tym NKT [g]<\/td>\n<td width=\"180\">16<\/td>\n<\/tr>\n<tr>\n<td width=\"179\">W\u0119glowodany [g]<\/td>\n<td width=\"180\">63<\/td>\n<\/tr>\n<tr>\n<td width=\"179\">\u00a0\u00a0\u00a0\u00a0\u00a0\u00a0\u00a0\u00a0\u00a0 W tym cukry [g]<\/td>\n<td width=\"180\">61<\/td>\n<\/tr>\n<tr>\n<td width=\"179\">Bia\u0142ko [g]<\/td>\n<td width=\"180\">4,7<\/td>\n<\/tr>\n<tr>\n<td width=\"179\">S\u00f3l [g]<\/td>\n<td width=\"180\">0,2<\/td>\n<\/tr>\n<\/tbody>\n<\/table>\n<p>Czekolada mleczna: zawarto\u015b\u0107 masy kakaowej minimum 33%.<\/p>\n<p><strong>Produkt mo\u017ce zawiera\u0107 orzeszki ziemne, orzechy, pszenic\u0119 oraz jaja.<\/strong><\/p>\n","protected":false},"excerpt":{"rendered":"<p>Pe\u0142ne smaku, przepyszne dwa jajka, kt\u00f3re zosta\u0142y wyprodukowane z czekolady mlecznej couverture 33% masy kakaowej. W masie ukryte zosta\u0142y kolorowe i chrupi\u0105ce lentilki, kt\u00f3re dodaj\u0105 czekoladzie dodatkowych wra\u017ce\u0144 smakowych. Ze wzgl\u0119du na dodane do czekolady chrupi\u0105ce lentilki, jajka zyskuj\u0105 ciekawy, kolorowy wygl\u0105d, kt\u00f3ry przykuwa uwag\u0119 zar\u00f3wno dzieci, jak i doros\u0142ych.<\/p>\n<p>Kolorowe opakowanie z oryginaln\u0105 grafik\u0105 bez w\u0105tpienia rzuca si\u0119 w oczy, dlatego ten komplet czekoladowych jajek idealnie sprawdzi si\u0119 jako s\u0142odki podarunek dla dzieci.<\/p>\n<p>Opakowanie zawiera dwa jajka (80 g).<\/p>\n","protected":false},"featured_media":2817,"template":"","meta":{"inline_featured_image":false},"product_brand":[],"product_cat":[23],"product_tag":[],"class_list":{"0":"post-2816","1":"product","2":"type-product","3":"status-publish","4":"has-post-thumbnail","6":"product_cat-wyroby-wielkanocne","7":"description-off","9":"first","10":"outofstock","11":"taxable","12":"shipping-taxable","13":"purchasable","14":"product-type-simple"},"aioseo_notices":[],"_links":{"self":[{"href":"https:\/\/www.luczniczka.com\/sklep\/wp-json\/wp\/v2\/product\/2816","targetHints":{"allow":["GET"]}}],"collection":[{"href":"https:\/\/www.luczniczka.com\/sklep\/wp-json\/wp\/v2\/product"}],"about":[{"href":"https:\/\/www.luczniczka.com\/sklep\/wp-json\/wp\/v2\/types\/product"}],"wp:featuredmedia":[{"embeddable":true,"href":"https:\/\/www.luczniczka.com\/sklep\/wp-json\/wp\/v2\/media\/2817"}],"wp:attachment":[{"href":"https:\/\/www.luczniczka.com\/sklep\/wp-json\/wp\/v2\/media?parent=2816"}],"wp:term":[{"taxonomy":"product_brand","embeddable":true,"href":"https:\/\/www.luczniczka.com\/sklep\/wp-json\/wp\/v2\/product_brand?post=2816"},{"taxonomy":"product_cat","embeddable":true,"href":"https:\/\/www.luczniczka.com\/sklep\/wp-json\/wp\/v2\/product_cat?post=2816"},{"taxonomy":"product_tag","embeddable":true,"href":"https:\/\/www.luczniczka.com\/sklep\/wp-json\/wp\/v2\/product_tag?post=2816"}],"curies":[{"name":"wp","href":"https:\/\/api.w.org\/{rel}","templated":true}]}}