{"id":1603,"date":"2021-03-23T12:21:04","date_gmt":"2021-03-23T11:21:04","guid":{"rendered":"https:\/\/www.luczniczka.com\/sklep\/?post_type=product&#038;p=1603"},"modified":"2025-05-06T10:13:30","modified_gmt":"2025-05-06T08:13:30","slug":"egg-chocolate-jajko-z-czekolady-mlecznej-z-posypka-cukrowa-75-g","status":"publish","type":"product","link":"https:\/\/www.luczniczka.com\/sklep\/produkt\/egg-chocolate-jajko-z-czekolady-mlecznej-z-posypka-cukrowa-75-g\/","title":{"rendered":"Egg Chocolate, jajko z czekolady mlecznej z posypk\u0105 cukrow\u0105 75 g"},"content":{"rendered":"<p><strong>Sk\u0142adniki<\/strong>: cukier; t\u0142uszcz kakaowy;\u00a0<strong>mleko<\/strong>\u00a0w proszku; miazga kakaowa; serwatka w proszku (z\u00a0<strong>mleka<\/strong>); t\u0142uszcz\u00a0<strong>mleczny<\/strong>; emulgatory: lecytyny (z\u00a0<strong>soi<\/strong>), lecytyny; naturalny aromat waniliowy; skrobia; substancje glazuruj\u0105ce: guma arabska, wosk carnauba, wosk pszczeli; koncentraty z sok\u00f3w: winogron, rzodkiewki, czarnej porzeczki, cytryny, czerwonego buraka; ekstrakty z carthamusa, ze s\u0142odu\u00a0<strong>j\u0119czmiennego<\/strong>; koncentrat z alg<\/p>\n<p>Czekolada mleczna: zawarto\u015b\u0107 masy kakaowej minimum 33%.<\/p>\n<p><strong>Produkt mo\u017ce zawiera\u0107 tak\u017ce: <\/strong>orzeszki ziemne, inne orzechy oraz jajka.<\/p>\n","protected":false},"excerpt":{"rendered":"<p>Nasza wyborna czekolada mleczna couverture 33% masy kakaowej uformowana w wielkanocne jajo udekorowana kolorow\u0105 posypk\u0105 cukrow\u0105.<\/p>\n<p>W opakowaniu znajduje si\u0119 75 g produktu.<\/p>\n","protected":false},"featured_media":1503,"template":"","meta":{"inline_featured_image":false},"product_brand":[],"product_cat":[23],"product_tag":[],"class_list":{"0":"post-1603","1":"product","2":"type-product","3":"status-publish","4":"has-post-thumbnail","6":"product_cat-wyroby-wielkanocne","7":"description-off","9":"first","10":"outofstock","11":"taxable","12":"shipping-taxable","13":"purchasable","14":"product-type-simple"},"aioseo_notices":[],"_links":{"self":[{"href":"https:\/\/www.luczniczka.com\/sklep\/wp-json\/wp\/v2\/product\/1603","targetHints":{"allow":["GET"]}}],"collection":[{"href":"https:\/\/www.luczniczka.com\/sklep\/wp-json\/wp\/v2\/product"}],"about":[{"href":"https:\/\/www.luczniczka.com\/sklep\/wp-json\/wp\/v2\/types\/product"}],"wp:featuredmedia":[{"embeddable":true,"href":"https:\/\/www.luczniczka.com\/sklep\/wp-json\/wp\/v2\/media\/1503"}],"wp:attachment":[{"href":"https:\/\/www.luczniczka.com\/sklep\/wp-json\/wp\/v2\/media?parent=1603"}],"wp:term":[{"taxonomy":"product_brand","embeddable":true,"href":"https:\/\/www.luczniczka.com\/sklep\/wp-json\/wp\/v2\/product_brand?post=1603"},{"taxonomy":"product_cat","embeddable":true,"href":"https:\/\/www.luczniczka.com\/sklep\/wp-json\/wp\/v2\/product_cat?post=1603"},{"taxonomy":"product_tag","embeddable":true,"href":"https:\/\/www.luczniczka.com\/sklep\/wp-json\/wp\/v2\/product_tag?post=1603"}],"curies":[{"name":"wp","href":"https:\/\/api.w.org\/{rel}","templated":true}]}}