{"id":14289,"date":"2025-10-10T08:15:24","date_gmt":"2025-10-10T06:15:24","guid":{"rendered":"https:\/\/www.luczniczka.com\/sklep\/?post_type=product&#038;p=14289"},"modified":"2025-11-24T14:08:01","modified_gmt":"2025-11-24T13:08:01","slug":"woreczek-swiateczny-z-mieszkanka-cukierkow-bez-alkoholu-500g","status":"publish","type":"product","link":"https:\/\/www.luczniczka.com\/sklep\/produkt\/woreczek-swiateczny-z-mieszkanka-cukierkow-bez-alkoholu-500g\/","title":{"rendered":"Woreczek \u015bwi\u0105teczny (srebrny i z\u0142oty) z mieszkank\u0105 cukierk\u00f3w bez alkoholu 500g"},"content":{"rendered":"<p>Woreczek z motywem \u015bwi\u0105tecznym o wymiarach 20x30cm, wype\u0142niony mieszkank\u0105 cukierk\u00f3w( w zmiennych proporcjach) bez alkoholu<\/p>\n","protected":false},"excerpt":{"rendered":"<p>Pi\u0119kny woreczek z motywem Bo\u017cego Narodzenia, wype\u0142niony mieszkank\u0105 cukierk\u00f3w Supreme (bez alkoholu)<\/p>\n<p>Idealny na prezent pod choink\u0119.<\/p>\n<p>DOST\u0118PNY JU\u017b TYLKO WZ\u00d3R ZE Z\u0141OTYMI RENIFERKAMI<\/p>\n<p>&nbsp;<\/p>\n","protected":false},"featured_media":14277,"template":"","meta":{"inline_featured_image":false},"product_brand":[],"product_cat":[22],"product_tag":[],"class_list":{"0":"post-14289","1":"product","2":"type-product","3":"status-publish","4":"has-post-thumbnail","6":"product_cat-wyroby-bozonarodzeniowe","7":"description-off","9":"first","10":"outofstock","11":"taxable","12":"shipping-taxable","13":"purchasable","14":"product-type-simple"},"aioseo_notices":[],"_links":{"self":[{"href":"https:\/\/www.luczniczka.com\/sklep\/wp-json\/wp\/v2\/product\/14289","targetHints":{"allow":["GET"]}}],"collection":[{"href":"https:\/\/www.luczniczka.com\/sklep\/wp-json\/wp\/v2\/product"}],"about":[{"href":"https:\/\/www.luczniczka.com\/sklep\/wp-json\/wp\/v2\/types\/product"}],"wp:featuredmedia":[{"embeddable":true,"href":"https:\/\/www.luczniczka.com\/sklep\/wp-json\/wp\/v2\/media\/14277"}],"wp:attachment":[{"href":"https:\/\/www.luczniczka.com\/sklep\/wp-json\/wp\/v2\/media?parent=14289"}],"wp:term":[{"taxonomy":"product_brand","embeddable":true,"href":"https:\/\/www.luczniczka.com\/sklep\/wp-json\/wp\/v2\/product_brand?post=14289"},{"taxonomy":"product_cat","embeddable":true,"href":"https:\/\/www.luczniczka.com\/sklep\/wp-json\/wp\/v2\/product_cat?post=14289"},{"taxonomy":"product_tag","embeddable":true,"href":"https:\/\/www.luczniczka.com\/sklep\/wp-json\/wp\/v2\/product_tag?post=14289"}],"curies":[{"name":"wp","href":"https:\/\/api.w.org\/{rel}","templated":true}]}}