{"id":14283,"date":"2025-10-10T07:59:06","date_gmt":"2025-10-10T05:59:06","guid":{"rendered":"https:\/\/www.luczniczka.com\/sklep\/?post_type=product&#038;p=14283"},"modified":"2025-10-28T17:34:16","modified_gmt":"2025-10-28T16:34:16","slug":"woreczek-halloween-z-cukierkami-bez-alkoholu-500g","status":"publish","type":"product","link":"https:\/\/www.luczniczka.com\/sklep\/produkt\/woreczek-halloween-z-cukierkami-bez-alkoholu-500g\/","title":{"rendered":"Woreczek na Halloween z mieszank\u0105 cukierk\u00f3w bez alkoholu 500g"},"content":{"rendered":"<p>Woreczek wielko\u015bci 20x30cm wype\u0142niony mixem (w zmiennych proporcjach) cukierk\u00f3w Supreme (bez alkoholu)<\/p>\n","protected":false},"excerpt":{"rendered":"<p>Woreczek z okrrropnie pysznymi pralinkami Supreme o r\u00f3\u017cnych smakach.<\/p>\n<p>Przygotuj si\u0119 do najstraszniejszej nocy w roku \ud83d\ude42<\/p>\n<p>Prosimy o wyb\u00f3r wzoru przy zakupie (pomara\u0144czowy, albo czarny)<\/p>\n<p>W przypadku braku informacji, wy\u015blemy losowy wz\u00f3r.<\/p>\n","protected":false},"featured_media":14273,"template":"","meta":{"inline_featured_image":false},"product_brand":[],"product_cat":[42],"product_tag":[],"class_list":{"0":"post-14283","1":"product","2":"type-product","3":"status-publish","4":"has-post-thumbnail","6":"product_cat-wyroby-na-halloween","7":"description-off","9":"first","10":"instock","11":"taxable","12":"shipping-taxable","13":"purchasable","14":"product-type-simple"},"aioseo_notices":[],"_links":{"self":[{"href":"https:\/\/www.luczniczka.com\/sklep\/wp-json\/wp\/v2\/product\/14283","targetHints":{"allow":["GET"]}}],"collection":[{"href":"https:\/\/www.luczniczka.com\/sklep\/wp-json\/wp\/v2\/product"}],"about":[{"href":"https:\/\/www.luczniczka.com\/sklep\/wp-json\/wp\/v2\/types\/product"}],"wp:featuredmedia":[{"embeddable":true,"href":"https:\/\/www.luczniczka.com\/sklep\/wp-json\/wp\/v2\/media\/14273"}],"wp:attachment":[{"href":"https:\/\/www.luczniczka.com\/sklep\/wp-json\/wp\/v2\/media?parent=14283"}],"wp:term":[{"taxonomy":"product_brand","embeddable":true,"href":"https:\/\/www.luczniczka.com\/sklep\/wp-json\/wp\/v2\/product_brand?post=14283"},{"taxonomy":"product_cat","embeddable":true,"href":"https:\/\/www.luczniczka.com\/sklep\/wp-json\/wp\/v2\/product_cat?post=14283"},{"taxonomy":"product_tag","embeddable":true,"href":"https:\/\/www.luczniczka.com\/sklep\/wp-json\/wp\/v2\/product_tag?post=14283"}],"curies":[{"name":"wp","href":"https:\/\/api.w.org\/{rel}","templated":true}]}}