{"id":13785,"date":"2025-09-28T16:30:32","date_gmt":"2025-09-28T14:30:32","guid":{"rendered":"https:\/\/www.luczniczka.com\/sklep\/?post_type=product&#038;p=13785"},"modified":"2026-03-05T22:01:40","modified_gmt":"2026-03-05T21:01:40","slug":"bombonierka-nr-2-z-pralinkami-recznie-produkowanymi-12-szt","status":"publish","type":"product","link":"https:\/\/www.luczniczka.com\/sklep\/produkt\/bombonierka-nr-2-z-pralinkami-recznie-produkowanymi-12-szt\/","title":{"rendered":"Bombonierka nr 2 z pralinkami r\u0119cznie produkowanymi<br>(12 szt)"},"content":{"rendered":"<p>Bombonierka zawiera 12 sztuk pralinek r\u0119cznie produkowanych, na bazie nugatu i marcepanu.<\/p>\n","protected":false},"excerpt":{"rendered":"<p>Bombonierka z pralinami r\u0119cznie produkowanymi oraz zdobionymi do produkcji kt\u00f3rej wykorzystywane s\u0105 surowce o najwy\u017cszej jako\u015bci takie jak nugat czy marcepan.<\/p>\n<p>Opakowanie dost\u0119pne w nast\u0119puj\u0105cych kolorach:<br \/>\nA- czekoladowy<br \/>\nB- z\u0142oty<br \/>\nC- per\u0142owy<br \/>\nD- czerwony<br \/>\nE- czarny<br \/>\nF- pistacjowy<\/p>\n<p>&nbsp;<\/p>\n<p>W przypadku braku informacji o kolorze opakowania jednostkowego zastrzegamy sobie prawo wysy\u0142ki losowo wybranego koloru.<\/p>\n<p>W przypadku niedost\u0119pno\u015bci jakiejkolwiek praliny z zestawu zaproponujemy zamian\u0119 na inny produkt w tym samym przedziale cenowym oraz o tej samej jako\u015bci.<\/p>\n<p>Zdj\u0119cia maj\u0105 charakter pogl\u0105dowy- kolorystyka mo\u017ce nieznacznie odbiega\u0107 od zdj\u0119\u0107 prezentowanych w ofercie.<\/p>\n","protected":false},"featured_media":13783,"template":"","meta":{"inline_featured_image":false},"product_brand":[],"product_cat":[31,29],"product_tag":[],"class_list":{"0":"post-13785","1":"product","2":"type-product","3":"status-publish","4":"has-post-thumbnail","6":"product_cat-pralinki-rzemieslnicze","7":"product_cat-kosze-upominkowe","8":"description-off","10":"first","11":"instock","12":"taxable","13":"shipping-taxable","14":"purchasable","15":"product-type-simple"},"aioseo_notices":[],"_links":{"self":[{"href":"https:\/\/www.luczniczka.com\/sklep\/wp-json\/wp\/v2\/product\/13785","targetHints":{"allow":["GET"]}}],"collection":[{"href":"https:\/\/www.luczniczka.com\/sklep\/wp-json\/wp\/v2\/product"}],"about":[{"href":"https:\/\/www.luczniczka.com\/sklep\/wp-json\/wp\/v2\/types\/product"}],"wp:featuredmedia":[{"embeddable":true,"href":"https:\/\/www.luczniczka.com\/sklep\/wp-json\/wp\/v2\/media\/13783"}],"wp:attachment":[{"href":"https:\/\/www.luczniczka.com\/sklep\/wp-json\/wp\/v2\/media?parent=13785"}],"wp:term":[{"taxonomy":"product_brand","embeddable":true,"href":"https:\/\/www.luczniczka.com\/sklep\/wp-json\/wp\/v2\/product_brand?post=13785"},{"taxonomy":"product_cat","embeddable":true,"href":"https:\/\/www.luczniczka.com\/sklep\/wp-json\/wp\/v2\/product_cat?post=13785"},{"taxonomy":"product_tag","embeddable":true,"href":"https:\/\/www.luczniczka.com\/sklep\/wp-json\/wp\/v2\/product_tag?post=13785"}],"curies":[{"name":"wp","href":"https:\/\/api.w.org\/{rel}","templated":true}]}}