{"id":13593,"date":"2025-09-27T15:47:31","date_gmt":"2025-09-27T13:47:31","guid":{"rendered":"https:\/\/www.luczniczka.com\/sklep\/?post_type=product&#038;p=13593"},"modified":"2026-03-16T10:32:52","modified_gmt":"2026-03-16T09:32:52","slug":"czekolada-biala-z-drazami-oraz-zelkami-owocowymi-100g","status":"publish","type":"product","link":"https:\/\/www.luczniczka.com\/sklep\/produkt\/czekolada-biala-z-drazami-oraz-zelkami-owocowymi-100g\/","title":{"rendered":"Czekolada bia\u0142a z dra\u017cami czekoladowymi oraz \u017celkami owocowymi 100 g &#8211; zdobiona r\u0119cznie."},"content":{"rendered":"<table>\n<tbody>\n<tr>\n<td>Sk\u0142adniki: cukier; t\u0142uszcz kakaowy; <strong>mleko w proszku pe\u0142ne; <\/strong>syrop glukozowy; m\u0105ka pszenna; mleko w proszku odt\u0142uszczone; skrobia pszenna; t\u0142uszcz palmowy; miazga kakaowa; emulgatory: mono- i diglicerydy kwas\u00f3w t\u0142uszczowych, mono- i diglicerydy kwas\u00f3w t\u0142uszczowych estryfikowane kwasem cytrynowym; emulgator: lecytyny (z soi); dekstroza; regulatory kwasowo\u015bci: kwas cytrynowy, cytrynian sodu; substancja zag\u0119szczaj\u0105ca: karagen; koncentraty owocowe i ro\u015blinne: spirulina, rzodkiew, czarna porzeczka, jab\u0142ko, czarny bez, aronia, winogrona, cytryny, buraka czerwonego; ekstrakt z owoc\u00f3w czarnego bzu; aromaty; barwniki: kurkumina, kompleksy miedziowe chlorofili i chlorofilin; substancje zag\u0119szczaj\u0105ce: wosk pszczeli bia\u0142y i \u017c\u00f3\u0142ty, wosk carnauba, guma arabska; skrobia; emulgator: lecytyny.<\/td>\n<\/tr>\n<\/tbody>\n<\/table>\n<p><strong>Produkt mo\u017ce zawiera\u0107: orzechy, orzeszki ziemne, j\u0119czmie\u0144 oraz jaja.<\/strong><\/p>\n<table style=\"height: 310px;\" width=\"311\">\n<tbody>\n<tr>\n<td width=\"140\"><strong>Warto\u015b\u0107 od\u017cywcza<\/strong><\/td>\n<td width=\"76\"><strong>\u00a0 \u00a0 \u00a0w 100 g<\/strong><\/td>\n<\/tr>\n<tr>\n<td width=\"140\">Warto\u015b\u0107 energetyczna (kJ\/kcal)<\/td>\n<td width=\"76\">\u00a0 \u00a02157\/ 515<\/td>\n<\/tr>\n<tr>\n<td width=\"140\">T\u0142uszcz [g]<\/td>\n<td width=\"76\">\u00a0 \u00a0 \u00a0 \u00a0 27<\/td>\n<\/tr>\n<tr>\n<td width=\"140\">w tym kwasy t\u0142uszczowe nasycone [g]<\/td>\n<td width=\"76\">\u00a0 \u00a0 \u00a0 \u00a017<\/td>\n<\/tr>\n<tr>\n<td width=\"140\">W\u0119glowodany [g]<\/td>\n<td width=\"76\">\u00a0 \u00a0 \u00a0 \u00a065<\/td>\n<\/tr>\n<tr>\n<td width=\"140\">w tym cukry [g]<\/td>\n<td width=\"76\">\u00a0 \u00a0 \u00a0 \u00a060<\/td>\n<\/tr>\n<tr>\n<td width=\"140\">Bia\u0142ko [g]<\/td>\n<td width=\"76\">\u00a0 \u00a0 \u00a0 \u00a03,5<\/td>\n<\/tr>\n<tr>\n<td width=\"140\">S\u00f3l [g]<\/td>\n<td width=\"76\">\u00a0 \u00a0 \u00a0 0,15<\/td>\n<\/tr>\n<\/tbody>\n<\/table>\n<p>&nbsp;<\/p>\n","protected":false},"excerpt":{"rendered":"<p>Czekolada bia\u0142a z dra\u017cami czekoladowymi oraz \u017celkami owocowymi 100 g- zdobiona r\u0119cznie.<\/p>\n<p>Czekolad\u0119 charakteryzuje wysoka jako\u015b\u0107. Produkcja wyrobu odbywa si\u0119 bowiem przy zachowaniu najwy\u017cszych mi\u0119dzynarodowych standard\u00f3w \u017cywno\u015bci.<\/p>\n<p>Masa netto 100 g.<\/p>\n<p><small>Zdj\u0119cia maj\u0105 charakter pogl\u0105dowy- kolorystyka mo\u017ce nieznacznie odbiega\u0107 od zdj\u0119\u0107 prezentowanych w ofercie.<\/small><\/p>\n<p>&nbsp;<\/p>\n","protected":false},"featured_media":13591,"template":"","meta":{"inline_featured_image":false},"product_brand":[],"product_cat":[20],"product_tag":[],"class_list":{"0":"post-13593","1":"product","2":"type-product","3":"status-publish","4":"has-post-thumbnail","6":"product_cat-tabliczki-czekolady","7":"description-off","9":"first","10":"instock","11":"taxable","12":"shipping-taxable","13":"purchasable","14":"product-type-simple"},"aioseo_notices":[],"_links":{"self":[{"href":"https:\/\/www.luczniczka.com\/sklep\/wp-json\/wp\/v2\/product\/13593","targetHints":{"allow":["GET"]}}],"collection":[{"href":"https:\/\/www.luczniczka.com\/sklep\/wp-json\/wp\/v2\/product"}],"about":[{"href":"https:\/\/www.luczniczka.com\/sklep\/wp-json\/wp\/v2\/types\/product"}],"wp:featuredmedia":[{"embeddable":true,"href":"https:\/\/www.luczniczka.com\/sklep\/wp-json\/wp\/v2\/media\/13591"}],"wp:attachment":[{"href":"https:\/\/www.luczniczka.com\/sklep\/wp-json\/wp\/v2\/media?parent=13593"}],"wp:term":[{"taxonomy":"product_brand","embeddable":true,"href":"https:\/\/www.luczniczka.com\/sklep\/wp-json\/wp\/v2\/product_brand?post=13593"},{"taxonomy":"product_cat","embeddable":true,"href":"https:\/\/www.luczniczka.com\/sklep\/wp-json\/wp\/v2\/product_cat?post=13593"},{"taxonomy":"product_tag","embeddable":true,"href":"https:\/\/www.luczniczka.com\/sklep\/wp-json\/wp\/v2\/product_tag?post=13593"}],"curies":[{"name":"wp","href":"https:\/\/api.w.org\/{rel}","templated":true}]}}